[INFO] fetching crate http-error-derive 0.2.0...
[INFO] checking http-error-derive-0.2.0 against master#e6e4f7ed1589e03bc2f6c5931c1a72e7947e8682 for beta-170-4
[INFO] extracting crate http-error-derive 0.2.0 into /workspace/builds/worker-2-tc2/source
[INFO] validating manifest of crates.io crate http-error-derive 0.2.0 on toolchain e6e4f7ed1589e03bc2f6c5931c1a72e7947e8682
[INFO] running `Command { std: CARGO_HOME="/workspace/cargo-home" RUSTUP_HOME="/workspace/rustup-home" "/workspace/cargo-home/bin/cargo" "+e6e4f7ed1589e03bc2f6c5931c1a72e7947e8682" "metadata" "--manifest-path" "Cargo.toml" "--no-deps", kill_on_drop: false }`
[INFO] started tweaking crates.io crate http-error-derive 0.2.0
[INFO] finished tweaking crates.io crate http-error-derive 0.2.0
[INFO] tweaked toml for crates.io crate http-error-derive 0.2.0 written to /workspace/builds/worker-2-tc2/source/Cargo.toml
[INFO] running `Command { std: CARGO_HOME="/workspace/cargo-home" RUSTUP_HOME="/workspace/rustup-home" __CARGO_TEST_CHANNEL_OVERRIDE_DO_NOT_USE_THIS="nightly" "/workspace/cargo-home/bin/cargo" "+e6e4f7ed1589e03bc2f6c5931c1a72e7947e8682" "generate-lockfile" "--manifest-path" "Cargo.toml" "-Zno-index-update", kill_on_drop: false }`
[INFO] running `Command { std: CARGO_HOME="/workspace/cargo-home" RUSTUP_HOME="/workspace/rustup-home" "/workspace/cargo-home/bin/cargo" "+e6e4f7ed1589e03bc2f6c5931c1a72e7947e8682" "fetch" "--manifest-path" "Cargo.toml", kill_on_drop: false }`
[INFO] running `Command { std: "docker" "create" "-v" "/var/lib/crater-agent-workspace/builds/worker-2-tc2/target:/opt/rustwide/target:rw,Z" "-v" "/var/lib/crater-agent-workspace/builds/worker-2-tc2/source:/opt/rustwide/workdir:ro,Z" "-v" "/var/lib/crater-agent-workspace/cargo-home:/opt/rustwide/cargo-home:ro,Z" "-v" "/var/lib/crater-agent-workspace/rustup-home:/opt/rustwide/rustup-home:ro,Z" "-e" "SOURCE_DIR=/opt/rustwide/workdir" "-e" "CARGO_TARGET_DIR=/opt/rustwide/target" "-e" "CARGO_HOME=/opt/rustwide/cargo-home" "-e" "RUSTUP_HOME=/opt/rustwide/rustup-home" "-w" "/opt/rustwide/workdir" "-m" "1610612736" "--user" "0:0" "--network" "none" "ghcr.io/rust-lang/crates-build-env/linux@sha256:19e73879b68f455e41552ea35293514db52ea292d993f571636dbffedb77a1ee" "/opt/rustwide/cargo-home/bin/cargo" "+e6e4f7ed1589e03bc2f6c5931c1a72e7947e8682" "metadata" "--no-deps" "--format-version=1", kill_on_drop: false }`
[INFO] [stdout] 2cab6a06df78fe36155a59c0eb1af896499970aeb5a1e82d52e60caa9c59bb5f
[INFO] running `Command { std: "docker" "start" "-a" "2cab6a06df78fe36155a59c0eb1af896499970aeb5a1e82d52e60caa9c59bb5f", kill_on_drop: false }`
[INFO] running `Command { std: "docker" "inspect" "2cab6a06df78fe36155a59c0eb1af896499970aeb5a1e82d52e60caa9c59bb5f", kill_on_drop: false }`
[INFO] running `Command { std: "docker" "rm" "-f" "2cab6a06df78fe36155a59c0eb1af896499970aeb5a1e82d52e60caa9c59bb5f", kill_on_drop: false }`
[INFO] [stdout] 2cab6a06df78fe36155a59c0eb1af896499970aeb5a1e82d52e60caa9c59bb5f
[INFO] running `Command { std: "docker" "create" "-v" "/var/lib/crater-agent-workspace/builds/worker-2-tc2/target:/opt/rustwide/target:rw,Z" "-v" "/var/lib/crater-agent-workspace/builds/worker-2-tc2/source:/opt/rustwide/workdir:ro,Z" "-v" "/var/lib/crater-agent-workspace/cargo-home:/opt/rustwide/cargo-home:ro,Z" "-v" "/var/lib/crater-agent-workspace/rustup-home:/opt/rustwide/rustup-home:ro,Z" "-e" "SOURCE_DIR=/opt/rustwide/workdir" "-e" "CARGO_TARGET_DIR=/opt/rustwide/target" "-e" "CARGO_INCREMENTAL=0" "-e" "RUST_BACKTRACE=full" "-e" "RUSTFLAGS=--cap-lints=forbid" "-e" "RUSTDOCFLAGS=--cap-lints=forbid" "-e" "CARGO_HOME=/opt/rustwide/cargo-home" "-e" "RUSTUP_HOME=/opt/rustwide/rustup-home" "-w" "/opt/rustwide/workdir" "-m" "1610612736" "--user" "0:0" "--network" "none" "ghcr.io/rust-lang/crates-build-env/linux@sha256:19e73879b68f455e41552ea35293514db52ea292d993f571636dbffedb77a1ee" "/opt/rustwide/cargo-home/bin/cargo" "+e6e4f7ed1589e03bc2f6c5931c1a72e7947e8682" "check" "--frozen" "--all" "--all-targets" "--message-format=json", kill_on_drop: false }`
[INFO] [stdout] 2939bc8b3f0b083d4ea29799fc74bcd40ab2d3c0fd48870dc45985c51c11a925
[INFO] running `Command { std: "docker" "start" "-a" "2939bc8b3f0b083d4ea29799fc74bcd40ab2d3c0fd48870dc45985c51c11a925", kill_on_drop: false }`
[INFO] [stderr]    Compiling fnv v1.0.7
[INFO] [stderr]    Compiling ident_case v1.0.1
[INFO] [stderr]    Compiling strsim v0.10.0
[INFO] [stderr]    Compiling syn v2.0.18
[INFO] [stderr]     Checking darling_core v0.20.1
[INFO] [stderr]    Compiling darling_macro v0.20.1
[INFO] [stderr]     Checking darling v0.20.1
[INFO] [stderr]    Compiling http-error-derive v0.2.0 (/opt/rustwide/workdir)
[INFO] [stdout] error: proc-macro derive panicked
[INFO] [stdout]  --> tests/tests.rs:5:14
[INFO] [stdout]   |
[INFO] [stdout] 5 |     #[derive(HttpError)]
[INFO] [stdout]   |              ^^^^^^^^^
[INFO] [stdout]   |
[INFO] [stdout]   = help: message: called `Result::unwrap()` on an `Err` value: Error { kind: UnknownField(ErrorUnknownField { name: "default_code", did_you_mean: None }), locations: [], span: Some(#0 bytes(100..118)) }
[INFO] [stdout] 
[INFO] [stdout] 
[INFO] [stdout] error[E0599]: no method named `http_code` found for enum `Test` in the current scope
[INFO] [stdout]   --> tests/tests.rs:19:46
[INFO] [stdout]    |
[INFO] [stdout] 7  |     enum Test {
[INFO] [stdout]    |     --------- method `http_code` not found for this enum
[INFO] [stdout] ...
[INFO] [stdout] 19 |         assert_eq!(Test::ErrorWithEverything.http_code(), 400);
[INFO] [stdout]    |                                              ^^^^^^^^^ method not found in `Test`
[INFO] [stdout] 
[INFO] [stdout] 
[INFO] [stdout] error[E0599]: no method named `http_message` found for enum `Test` in the current scope
[INFO] [stdout]   --> tests/tests.rs:21:39
[INFO] [stdout]    |
[INFO] [stdout] 7  |     enum Test {
[INFO] [stdout]    |     --------- method `http_message` not found for this enum
[INFO] [stdout] ...
[INFO] [stdout] 21 |             Test::ErrorWithEverything.http_message(),
[INFO] [stdout]    |                                       ^^^^^^^^^^^^ method not found in `Test`
[INFO] [stdout] 
[INFO] [stdout] 
[INFO] [stdout] error[E0599]: no method named `http_code` found for enum `Test` in the current scope
[INFO] [stdout]   --> tests/tests.rs:28:40
[INFO] [stdout]    |
[INFO] [stdout] 7  |     enum Test {
[INFO] [stdout]    |     --------- method `http_code` not found for this enum
[INFO] [stdout] ...
[INFO] [stdout] 28 |         assert_eq!(Test::ErrorWithCode.http_code(), 200);
[INFO] [stdout]    |                                        ^^^^^^^^^ method not found in `Test`
[INFO] [stdout] 
[INFO] [stdout] 
[INFO] [stdout] error[E0599]: no method named `http_message` found for enum `Test` in the current scope
[INFO] [stdout]   --> tests/tests.rs:29:40
[INFO] [stdout]    |
[INFO] [stdout] 7  |     enum Test {
[INFO] [stdout]    |     --------- method `http_message` not found for this enum
[INFO] [stdout] ...
[INFO] [stdout] 29 |         assert_eq!(Test::ErrorWithCode.http_message(), None);
[INFO] [stdout]    |                                        ^^^^^^^^^^^^ method not found in `Test`
[INFO] [stdout] 
[INFO] [stdout] 
[INFO] [stdout] error[E0599]: no method named `http_code` found for enum `Test` in the current scope
[INFO] [stdout]   --> tests/tests.rs:34:43
[INFO] [stdout]    |
[INFO] [stdout] 7  |     enum Test {
[INFO] [stdout]    |     --------- method `http_code` not found for this enum
[INFO] [stdout] ...
[INFO] [stdout] 34 |         assert_eq!(Test::ErrorWithMessage.http_code(), 501);
[INFO] [stdout]    |                                           ^^^^^^^^^ method not found in `Test`
[INFO] [stdout] 
[INFO] [stdout] 
[INFO] [stdout] error[E0599]: no method named `http_message` found for enum `Test` in the current scope
[INFO] [stdout]   --> tests/tests.rs:36:36
[INFO] [stdout]    |
[INFO] [stdout] 7  |     enum Test {
[INFO] [stdout]    |     --------- method `http_message` not found for this enum
[INFO] [stdout] ...
[INFO] [stdout] 36 |             Test::ErrorWithMessage.http_message(),
[INFO] [stdout]    |                                    ^^^^^^^^^^^^ method not found in `Test`
[INFO] [stdout] 
[INFO] [stdout] 
[INFO] [stdout] error[E0599]: no method named `http_code` found for enum `Test` in the current scope
[INFO] [stdout]   --> tests/tests.rs:43:43
[INFO] [stdout]    |
[INFO] [stdout] 7  |     enum Test {
[INFO] [stdout]    |     --------- method `http_code` not found for this enum
[INFO] [stdout] ...
[INFO] [stdout] 43 |         assert_eq!(Test::ErrorWithNothing.http_code(), 501);
[INFO] [stdout]    |                                           ^^^^^^^^^ method not found in `Test`
[INFO] [stdout] 
[INFO] [stdout] 
[INFO] [stdout] error[E0599]: no method named `http_message` found for enum `Test` in the current scope
[INFO] [stdout]   --> tests/tests.rs:44:43
[INFO] [stdout]    |
[INFO] [stdout] 7  |     enum Test {
[INFO] [stdout]    |     --------- method `http_message` not found for this enum
[INFO] [stdout] ...
[INFO] [stdout] 44 |         assert_eq!(Test::ErrorWithNothing.http_message(), None);
[INFO] [stdout]    |                                           ^^^^^^^^^^^^ method not found in `Test`
[INFO] [stdout] 
[INFO] [stdout] 
[INFO] [stdout] error: aborting due to 9 previous errors
[INFO] [stdout] 
[INFO] [stdout] 
[INFO] [stdout] For more information about this error, try `rustc --explain E0599`.
[INFO] [stdout] 
[INFO] [stderr] error: could not compile `http-error-derive` (test "tests") due to 10 previous errors
[INFO] running `Command { std: "docker" "inspect" "2939bc8b3f0b083d4ea29799fc74bcd40ab2d3c0fd48870dc45985c51c11a925", kill_on_drop: false }`
[INFO] running `Command { std: "docker" "rm" "-f" "2939bc8b3f0b083d4ea29799fc74bcd40ab2d3c0fd48870dc45985c51c11a925", kill_on_drop: false }`
[INFO] [stdout] 2939bc8b3f0b083d4ea29799fc74bcd40ab2d3c0fd48870dc45985c51c11a925
